 composite?
False
Is 2126659121 composite?
False
Is 857768671 a composite number?
False
Is 29612249263 a composite number?
True
Is 2290796537 prime?
True
Is 5092963979 a prime number?
True
Is 46649641 a prime number?
True
Is 1299990031 a composite number?
False
Is 14690691371 a composite number?
True
Is 8882681429 a composite number?
True
Is 12556877371 prime?
True
Is 1810127993 a composite number?
True
Is 226516327 a composite number?
True
Is 2149747883 composite?
False
Is 6498079321 a prime number?
True
Is 12825506677 composite?
True
Is 4265014807 a prime number?
True
Is 15824721769 prime?
False
Is 22257668669 composite?
False
Is 1804173187 a composite number?
True
Is 3117498257 a composite number?
False
Is 37217940853 a prime number?
False
Is 109792494277 a prime number?
False
Is 4164714471 a composite number?
True
Is 15198031 prime?
False
Is 1169200577 a composite number?
True
Is 234628061 prime?
True
Is 5852374327 a composite number?
False
Is 343736527 a prime number?
True
Is 33145907251 composite?
True
Is 25164673 composite?
False
Is 1897467491 a prime number?
True
Is 538808605 a composite number?
True
Is 1742332573 composite?
False
Is 16455149873 composite?
True
Is 19684285919 prime?
True
Is 4027903491 composite?
True
Is 2699599358 prime?
False
Is 20904349967 prime?
True
Is 30124031507 composite?
False
Is 11570902939 a composite number?
False
Is 14158676327 a prime number?
True
Is 309726278 prime?
False
Is 1586836087 prime?
False
Is 505448683 composite?
False
Is 4491644299 a prime number?
True
Is 1112221871 a composite number?
False
Is 33832153 a composite number?
True
Is 14990164759 a prime number?
False
Is 76298191 prime?
True
Is 1135508833 a prime number?
False
Is 2501288277 a composite number?
True
Is 41588591635 a composite number?
True
Is 28236978919 a composite number?
False
Is 195807187 a composite number?
True
Is 559508293 a prime number?
False
Is 7741777427 a composite number?
False
Is 499971271 a composite number?
True
Is 25896216083 a prime number?
False
Is 1121651423 prime?
False
Is 11039329433 prime?
False
Is 9813798091 composite?
True
Is 10705262851 a prime number?
True
Is 3525184897 a prime number?
False
Is 8399331677 a composite number?
True
Is 12828873962 composite?
True
Is 1690884947 prime?
True
Is 10722082669 a prime number?
False
Is 720252683 a prime number?
True
Is 2032694857 prime?
False
Is 38064043 composite?
False
Is 5551278619 prime?
False
Is 5525721529 a composite number?
False
Is 13827397771 prime?
False
Is 10390900502 prime?
False
Is 11058110381 a composite number?
False
Is 8685102221 a prime number?
False
Is 45751835113 composite?
True
Is 2691257399 a prime number?
False
Is 15884113153 a composite number?
False
Is 8768320895 composite?
True
Is 33201604603 a prime number?
True
Is 3565423607 composite?
False
Is 25550543611 prime?
True
Is 51941816639 prime?
True
Is 5163719789 a composite number?
False
Is 1685254657 composite?
True
Is 64391479049 prime?
True
Is 16749045979 a composite number?
False
Is 1057100353 composite?
False
Is 14597956547 a prime number?
True
Is 4879597571 prime?
False
Is 11777810599 composite?
False
Is 3837781169 prime?
True
Is 315191259751 a composite number?
True
Is 839470355 composite?
True
Is 425963621 a prime number?
True
Is 14200057 a prime number?
True
Is 16896028871 composite?
True
Is 5393751191 composite?
False
Is 10624896223 a prime number?
True
Is 133887379 a composite number?
True
Is 5736950887 a composite number?
True
Is 1643913529 a prime number?
True
Is 18163356719 a prime number?
True
Is 110905946087 a prime number?
True
Is 88747448318 a composite number?
True
Is 729100553 a composite number?
False
Is 44416283 composite?
False
Is 1188467069 composite?
False
Is 17033450639 composite?
False
Is 4234388423 a prime number?
True
Is 122384712473 composite?
False
Is 2947768973 a composite number?
False
Is 36323238893 prime?
True
Is 3828799529 a composite number?
False
Is 351020977 a composite number?
True
Is 7769207409 composite?
True
Is 63192771687 a prime number?
False
Is 363286691 composite?
True
Is 1605027593 a composite number?
True
Is 878982719 a composite number?
False
Is 96972969721 a composite number?
True
Is 8814633239 prime?
True
Is 175017160961 a prime number?
False
Is 1480898753 a prime number?
True
Is 1232436431 a composite number?
False
Is 5048308979 composite?
True
Is 1816379293 prime?
False
Is 1003036009 a prime number?
False
Is 69452494789 composite?
False
Is 24051685579 prime?
True
Is 6737429267 prime?
False
Is 13637633613 a prime number?
False
Is 295234921 a composite number?
True
Is 444824111 a prime number?
False
Is 10109179111 a prime number?
False
Is 2938885031 prime?
True
Is 3006182779 a composite number?
False
Is 7563518251 composite?
False
Is 42691559 a prime number?
False
Is 1201096011 prime?
False
Is 243633773 a composite number?
False
Is 58386969389 a composite number?
True
Is 9384098837 a composite number?
False
Is 2742662557 a composite number?
False
Is 343155851 a prime number?
False
Is 11285453303 prime?
True
Is 520625647 composite?
False
Is 804435439 a prime number?
False
Is 42524894639 a prime number?
True
Is 1084145511 composite?
True
Is 81561229 prime?
True
Is 4482747361 prime?
False
Is 10447889953 a composite number?
True
Is 110141776193 a prime number?
True
Is 17832773689 prime?
False
Is 1965851347 a prime number?
False
Is 282228026 prime?
False
Is 320473253 composite?
False
Is 550610939 a prime number?
False
Is 3417924197 a prime number?
True
Is 77965102667 composite?
True
Is 2952419747 composite?
True
Is 20622479281 a composite number?
False
Is 2523144509 prime?
True
Is 10703621 composite?
True
Is 358516507 a composite number?
True
Is 3473926037 composite?
True
Is 6659185643 a composite number?
True
Is 1747100347 a prime number?
False
Is 581231917 prime?
False
Is 706710593 a prime number?
True
Is 69772700429 prime?
False
Is 4995952771 composite?
True
Is 50899153 prime?
False
Is 894887308309 a prime number?
True
Is 1314396717 composite?
True
Is 4230483155 prime?
False
Is 1223150059 composite?
True
Is 12691272779 a prime number?
True
Is 2802822851 composite?
False
Is 436072003 a composite number?
True
Is 2870472005 a composite number?
True
Is 689653865 composite?
True
Is 306428797 a prime number?
True
Is 3474900409 a prime number?
False
Is 116867663 prime?
False
Is 4132399109 prime?
False
Is 33974837693 a prime number?
True
Is 188542439 a prime number?
True
Is 13718792417 composite?
True
Is 6557468065 a composite number?
True
Is 23808348503 prime?
True
Is 11330519 a composite number?
False
Is 66303067283 a prime number?
False
Is 217718477 a composite number?
False
Is 1946987687 a composite number?
False
Is 3560896697 composite?
False
Is 2773598469 a composite number?
True
Is 386938303 a prime number?
False
Is 50767060309 a composite number?
True
Is 31629258341 prime?
True
Is 3990561103 a prime number?
True
Is 32581763023 composite?
False
Is 3066440309 prime?
False
Is 449000933 prime?
False
Is 5531343791 a composite number?
False
Is 6686283133 prime?
False
Is 243862373 prime?
True
Is 41269598681 a prime number?
False
Is 4844125127 prime?
True
Is 21840047 a prime number?
True
Is 56854631321 a prime number?
False
Is 9250907933 prime?
True
Is 11028271 a prime number?
True
Is 4459034063 prime?
False
Is 116331505709 a prime number?
True
Is 10719114941 a composite number?
True
Is 3238245961 a composite number?
True
Is 1993235141 a composite number?
False
Is 158143681 a composite number?
True
Is 28648214239 prime?
False
Is 13205773069 composite?
False
Is 55146779 a composite number?
False
Is 3666160849 composite?
True
Is 32772101 a prime number?
True
Is 53851659053 a prime number?
True
Is 77002340557 a prime number?
True
Is 2857376729 a composite number?
True
Is 5035364051 prime?
True
Is 64139606249 composite?
True
Is 85310431607 a composite number?
False
Is 61912715339 prime?
False
Is 8373140761 a composite number?
True
Is 1989094193 composite?
True
Is 1639653571 a composite number?
False
Is 413016041 composite?
True
Is 8281428347 composite?
False
Is 5287570619 composite?
True
Is 29876167441 prime?
True
Is 899302449 a prime number?
False
Is 6102582391 prime?
True
Is 34035179077 a prime number?
False
Is 345248747 a composite number?
False
Is 57